e 14, what is -5 + 3603b?
36036
In base 11, what is 464a4 + 5?
464a9
In base 4, what is 30300221 - -1030?
30301311
In base 9, what is 1855 + 1204?
3160
In base 15, what is -6c - 36a?
-3d7
In base 4, what is 1012221 + 22?
1012303
In base 8, what is 72 - 217?
-125
In base 11, what is -129 - 712?
-840
In base 9, what is -4087 - -231?
-3756
In base 9, what is -176361 + 0?
-176361
In base 12, what is -175 + 18?
-159
In base 9, what is 10268 + -5?
10263
In base 14, what is 12000 - -1?
12001
In base 10, what is 2711 - -94?
2805
In base 5, what is 24 + 30323?
30402
In base 2, what is -11001100011 + -1010001?
-11010110100
In base 12, what is -6b8 + 181?
-537
In base 12, what is -7b58 + 183?
-7995
In base 8, what is 27613 - -30?
27643
In base 4, what is 1 - -23300332?
23300333
In base 14, what is 6a - 1c04?
-1b78
In base 8, what is -65 - 456?
-543
In base 8, what is 1100 - -30?
1130
In base 9, what is 1617 - 10?
1607
In base 13, what is 3 - 26a55?
-26a52
In base 9, what is 25253 + 82?
25345
In base 14, what is 0 + 2c7c?
2c7c
In base 14, what is 999 + -499?
500
In base 14, what is 6 + 4588c?
45894
In base 8, what is 643 - -2647?
3512
In base 14, what is -55 + 48d?
438
In base 13, what is 161396 - 2?
161394
In base 4, what is -321301 + -132?
-322033
In base 16, what is -13d4 + -4?
-13d8
In base 9, what is 16247 + -35?
16212
In base 9, what is -7 - 42702?
-42710
In base 11, what is -13 + 496a?
4957
In base 5, what is -12034332 + -2?
-12034334
In base 7, what is -2 - 5321663?
-5321665
In base 4, what is -120122201 + 21?
-120122120
In base 6, what is 0 + 3020232?
3020232
In base 8, what is 13105 - 160?
12725
In base 8, what is -4 + 2325472?
2325466
In base 12, what is 112b85 + -2?
112b83
In base 12, what is -18465 - -4?
-18461
In base 11, what is 33609 - 5?
33604
In base 7, what is -430 - -14?
-413
In base 16, what is f7 - -98e?
a85
In base 10, what is -94 - 1712?
-1806
In base 8, what is -13 - -134200?
134165
In base 3, what is -20 - 112212101?
-112212121
In base 9, what is -42 + 3264?
3222
In base 14, what is 3059 - 1?
3058
In base 11, what is -1518 + 501?
-1017
In base 2, what is 11 + -101011111010011100?
-101011111010011001
In base 14, what is -47145 + -4?
-47149
In base 5, what is 130 + -2011?
-1331
In base 8, what is 103465 + -2?
103463
In base 9, what is 13460 + -4?
13455
In base 4, what is -2002320 + -10332?
-2013312
In base 15, what is 4 + 8a06?
8a0a
In base 2, what is 10100111011000 + -10010100?
10100101000100
In base 7, what is -651 + -2503?
-3454
In base 10, what is 0 + -43139?
-43139
In base 14, what is 3c3b - -1dc?
4039
In base 6, what is -22 - 32125?
-32151
In base 5, what is -341041 + 112?
-340424
In base 16, what is 32284 - -5?
32289
In base 15, what is -19 + -3ab6?
-3ad0
In base 8, what is -105 + 1450?
1343
In base 12, what is 30229 - -2b?
30258
In base 5, what is 1 + 1033141?
1033142
In base 7, what is 101516 - -1?
101520
In base 2, what is 111100001 + -100101000101?
-11101100100
In base 8, what is 505 - -4?
511
In base 2, what is 1000 - -1111110110000?
1111110111000
In base 10, what is -5 + -336?
-341
In base 5, what is -3 + 4042004?
4042001
In base 16, what is 26 - 1c49?
-1c23
In base 5, what is 242043 - -1100?
243143
In base 8, what is -265 - 1640?
-2125
In base 9, what is -1661 + -467?
-2238
In base 9, what is 2 - 375?
-373
In base 5, what is -11313 - -44?
-11214
In base 14, what is 39 - c87?
-c4c
In base 10, what is 1 - 240476?
-240475
In base 9, what is -3355 + -31?
-3386
In base 15, what is 11d + 38?
156
In base 16, what is -78 + 6b?
-d
In base 11, what is -117a0 - -3?
-11798
In base 2, what is 100001101010100001 - 1?
100001101010100000
In base 12, what is -2b16ba - -4?
-2b16b6
In base 8, what is -1257631 - -4?
-1257625
In base 12, what is 72bbb0 + -1?
72bbab
In base 16, what is -1d15 - -a3?
-1c72
In base 14, what is -15 - -8160?
8149
In base 7, what is -6460 - -3165?
-3262
In base 2, what is -11100 + 10000011011001?
10000010111101
In base 9, what is 102573 + -1?
102572
In base 14, what is -138 + -32?
-16a
In base 12, what is -13 - 2a9b?
-2ab2
In base 7, what is 3 + -421136?
-421133
In base 3, what is 1220110100 + 102?
1220110202
In base 4, what is -2302103 + -1030?
-2303133
In base 2, what is -11111011010011101 - 111?
-11111011010100100
In base 14, what is 1352 - 3?
134d
In base 5, what is -314 + -24243?
-30112
In base 13, what is -25412b + -5?
-254133
In base 2, what is 10 - 101100000010100?
-101100000010010
In base 9, what is 53 - 355?
-302
In base 6, what is 401 - -4040?
4441
In base 3, what is 10011121110 + 122?
10011122002
In base 13, what is -45 - -15a?
115
In base 14, what is -c59 - -7a?
-bbd
In base 6, what is 1441215 + 5?
1441224
In base 2, what is 1010101 - 1001100001001?
-1001010110100
In base 11, what is 1 - -958?
959
In base 5, what is 140 - -2141233?
2141423
In base 2, what is -111011110 - 1010?
-111101000
In base 4, what is 223 - -100?
323
In base 10, what is 27 + -405?
-378
In base 7, what is 442 + 2231?
3003
In base 12, what is 35917 - 4?
35913
In base 9, what is 3237 + 45?
3283
In base 9, what is -317 - 1514?
-1832
In base 5, what is -24 - 1043?
-1122
In base 15, what is 15 + -4516?
-4501
In base 5, what is 114 + -2121042?
-2120423
In base 14, what is 25 + -743?
-71c
In base 7, what is -1301321 + 1?
-1301320
In base 3, what is -11 + -200112020?
-200112101
In base 15, what is -3792 + 71?
-3721
In base 8, what is 4147 + 31?
4200
In base 15, what is -11 - 5ac8?
-5ad9
In base 5, what is -401 + -1122333?
-1123234
In base 11, what is -3 + -4396?
-4399
In base 13, what is 81bb - 10?
81ab
In base 6, what is -54010 + -221?
-54231
In base 11, what is 762 + -2a37?
-2285
In base 12, what is 633 + -392?
261
In base 4, what is 1232312 + 13?
1232331
In base 12, what is 27 + -b8a3?
-b878
In base 5, what is -2 + -1010011?
-1010013
In base 8, what is -26 + -6561?
-6607
In base 14, what is -12a3 + -1b?
-12c0
In base 13, what is 5c2 + 703?
cc5
In base 5, what is 240441 + 4?
241000
In base 10, what is 13112 - 3?
13109
In base 9, what is 214 - -311?
525
In base 14, what is -3242b + -4?
-32431
In base 9, what is 5242 - -643?
5885
In base 14, what is -3 + bc33?
bc30
In base 7, what is -62051 - -13?
-62035
In base 2, what is -11101000 - -1000011?
-10100101
In base 15, what is 0 - -295?
295
In base 7, what is 15 + -10125?
-10110
In base 7, what is 1 + 114542?
114543
In base 8, what is 4274 + 0?
4274
In base 12, what is 56b9 - 10?
56a9
In base 3, what is 1110021002 + -100?
1110020202
In base 6, what is -100211 + 1543?
-54224
In base 5, what is -11 + -31112?
-31123
In base 2, what is -1 + -101011110110?
-101011110111
In base 2, what is 10000001001010000110 - -101?
10000001001010001011
In base 12, what is -a482 + -5?
-a487
In base 16, what is 0 + 56b9?
56b9
In base 12, what is -372 - 9a9?
-115b
In base 3, what is 101021022 - -21011?
101112110
In base 14, what is -2 - 2b1c?
-2b20
In base 16, what is 1 - 2e1a?
-2e19
In base 14, what is 3 - 87870?
-8786b
In base 8, what is -13 - -6457?
6444
In base 16, what is 10 - -9ba?
9ca
In base 14, what is 86 - -267?
30d
In base 6, what is 2 + -2400453?
-2400451
In base 15, what is eac - 195?
d17
In base 11, what is 23 + 3a2?
415
In base 11, what is 1333a - 2?
13338
In base 15, what is -761 + -52c?
-c8d
In base 12, what is 11aa3 - -1?
11aa4
In base 10, what is 84 - 100?
-16
In base 7, what is 202511 - -5?
202516
In base 13, what is 124 - 112?
12
In base 3, what is -20212 - -1010012?
212100
In base 6, what is 412 - 24300?
-23444
In base 7, what is -365 + -262?
-660
In base 13, what is 129 + c1?
21a
In base 16, what is -23f2c - 3b?
-23f67
In base 16, what is -bce + -5?
-bd3
In base 4, what is -1122321 + 122?
-1122133
In base 11, what is 2359 + 115?
2473
In base 13, what is -534 - -79?
-488
In base 7, what is -16 - -212245?
212226
In base 15, what is 2 + ac01c?
ac01e
In base 15, what is -6181 - 1?
-6182
In base 4, what is 10 - -2320232?
2320302
In base 11, what is 97485a + 4?
974863
In base 13, what is -1 - 32aa?
-32ab
In base 6, what is 15 + 2304441?
2304500
In base 12, what is -3 + -a56a?
-a571
In base 3, what is -10 - -2100012?
2100002
In base 4, what is 3 + -32102002?
-32101333
In base 15, what is -1ec - 7c?
-279
In base 13, what is -17 - 162a?
-1644
In base 5, what is 4113113 - -22?
4113140
In base 1